, what is -22122 + -10?
-22202
In base 14, what is 9 - 2b5?
-2aa
In base 11, what is 4360 + 3?
4363
In base 7, what is -23 - 645?
-1001
In base 11, what is -341 + 1?
-340
In base 13, what is 4 + -482?
-47b
In base 16, what is 2 + 5d7?
5d9
In base 4, what is 101032 - 12?
101020
In base 14, what is 15 - -4?
19
In base 11, what is -8 + 2?
-6
In base 11, what is -4 - 8?
-11
In base 10, what is 0 - 23?
-23
In base 6, what is 2 + 1525?
1531
In base 8, what is -1 + -12312?
-12313
In base 11, what is 8 + -205?
-1a8
In base 5, what is -4401 - 20?
-4421
In base 5, what is -13 - -2021?
2003
In base 11, what is -36 + 3?
-33
In base 7, what is 5 + -564?
-556
In base 15, what is -2 - -c?
a
In base 3, what is 121 - 122?
-1
In base 5, what is 11101 + 10?
11111
In base 12, what is 1107 - 6?
1101
In base 8, what is 167 + -4?
163
In base 15, what is 3 + -a6?
-a3
In base 14, what is -2 + 34?
32
In base 12, what is -14b - 2?
-151
In base 14, what is 5 + -b7?
-b2
In base 4, what is -1 - -10210?
10203
In base 2, what is 11010 + -1011?
1111
In base 12, what is -120 - 5?
-125
In base 15, what is -4 + -29?
-2d
In base 10, what is 0 + 82?
82
In base 11, what is 29a + -5?
295
In base 8, what is 2 + -3152?
-3150
In base 13, what is 12 - 26?
-14
In base 10, what is -57 - 76?
-133
In base 9, what is -4 + -516?
-521
In base 9, what is -820 + -4?
-824
In base 2, what is 101 + 1000100?
1001001
In base 10, what is 4 - 33?
-29
In base 2, what is 101100011 - 10?
101100001
In base 7, what is -3 + 312?
306
In base 4, what is 11 + -31?
-20
In base 13, what is -b - 54?
-62
In base 5, what is 2321 - -3?
2324
In base 6, what is 250 - 0?
250
In base 10, what is 20 - 36?
-16
In base 11, what is 5 - 88?
-83
In base 16, what is 20 + -7c?
-5c
In base 8, what is -2672 - 3?
-2675
In base 11, what is 142a - -5?
1434
In base 10, what is 519 + -33?
486
In base 6, what is 11 - -5121?
5132
In base 3, what is 10 + -212102?
-212022
In base 10, what is -186 + -12?
-198
In base 10, what is -39 - -7?
-32
In base 12, what is 3 - -747?
74a
In base 14, what is 299 + 3?
29c
In base 16, what is 4 + 2b?
2f
In base 14, what is 5 + -1b9?
-1b4
In base 14, what is -4 - -52?
4c
In base 4, what is 312023 + -3?
312020
In base 2, what is 11 + 100101?
101000
In base 5, what is -2 - 411?
-413
In base 10, what is 1 - 198?
-197
In base 13, what is -65 + 0?
-65
In base 14, what is ac - -3?
b1
In base 4, what is -2 + -1332232?
-1332300
In base 15, what is -4 + b2?
ad
In base 14, what is 1188c - -3?
11891
In base 16, what is -3e - -5?
-39
In base 15, what is a0b + -1?
a0a
In base 5, what is 0 - -330?
330
In base 16, what is -1e - -23?
5
In base 16, what is 1 - 295?
-294
In base 7, what is 13 + -134?
-121
In base 6, what is 552 + -24?
524
In base 7, what is -4 + 146?
142
In base 12, what is 3 + -1a?
-17
In base 7, what is 4 - -60?
64
In base 9, what is -5 + -6362?
-6367
In base 12, what is 5b - 46?
15
In base 9, what is 43 + -2?
41
In base 14, what is -14c + -5?
-153
In base 4, what is 23 + 212?
301
In base 3, what is 12 + 121?
210
In base 8, what is 4 + -60?
-54
In base 10, what is -1 - -101?
100
In base 5, what is -114 + -2?
-121
In base 15, what is -22 + 1?
-21
In base 14, what is 320 + -6?
318
In base 10, what is 1 - -269?
270
In base 11, what is -12a3 - -2?
-12a1
In base 7, what is -633 - 36?
-1002
In base 8, what is 53 - 16?
35
In base 15, what is -c6 + 0?
-c6
In base 10, what is -57 + -100?
-157
In base 9, what is 15 - 22?
-6
In base 10, what is 3 - -7?
10
In base 11, what is -1 + 5a8?
5a7
In base 3, what is 120 + -1?
112
In base 14, what is 71 + 3?
74
In base 16, what is 11 - df?
-ce
In base 13, what is -25 + -1b?
-43
In base 8, what is 1 - -103?
104
In base 13, what is 3 - 141?
-13b
In base 5, what is 1141 + 322?
2013
In base 11, what is 4063 - 5?
4059
In base 3, what is 11001221 + 12?
11002010
In base 10, what is 0 - -297?
297
In base 14, what is 10 - -18a?
19a
In base 14, what is -37a + -4?
-380
In base 7, what is -66 - 113?
-212
In base 6, what is -13033 + 1?
-13032
In base 6, what is 351 - -1?
352
In base 16, what is -3d - -1c?
-21
In base 7, what is -5 - -2264?
2256
In base 15, what is 2 - 59?
-57
In base 2, what is -11 - -11100110?
11100011
In base 2, what is 111001110 - 11?
111001011
In base 15, what is 45 - 1?
44
In base 7, what is -21 - -644?
623
In base 10, what is -366 + -2?
-368
In base 7, what is 131 + 602?
1033
In base 13, what is -4 - -159?
155
In base 14, what is -22 + c2?
a0
In base 8, what is 7 - -30?
37
In base 10, what is 10 + -36?
-26
In base 9, what is -3 + -247?
-251
In base 4, what is 310 + 30?
1000
In base 13, what is -20 + -15?
-35
In base 7, what is 5 - 2566?
-2561
In base 11, what is -817 - 0?
-817
In base 6, what is 23 - -333?
400
In base 5, what is -2 - 220?
-222
In base 12, what is -977 + -6?
-981
In base 10, what is -78 - 2?
-80
In base 4, what is 330 + -211?
113
In base 2, what is -1 + 1100101000?
1100100111
In base 8, what is -27 - -1574?
1545
In base 2, what is -1011110 - 1?
-1011111
In base 15, what is -3 + c2?
be
In base 15, what is 45a - 4?
456
In base 2, what is 1 - 100000?
-11111
In base 11, what is 3 - -1?
4
In base 9, what is 1088 - -13?
1112
In base 12, what is 3ba - 7?
3b3
In base 15, what is -18 + -21d?
-236
In base 7, what is 3 + -25?
-22
In base 6, what is -3 - -232?
225
In base 2, what is -1000100000101 - 101?
-1000100001010
In base 3, what is -1 - -10211?
10210
In base 16, what is 76 + 83?
f9
In base 15, what is 26c + 9?
276
In base 15, what is c - b?
1
In base 8, what is 611 - 5?
604
In base 9, what is -24 + 16?
-7
In base 2, what is 110110 - -101?
111011
In base 16, what is 35 + -1d3?
-19e
In base 13, what is 7b - -1?
7c
In base 6, what is 5 - -1221?
1230
In base 12, what is 3 + 100?
103
In base 13, what is -34c + 4?
-348
In base 10, what is -689 - -4?
-685
In base 8, what is 3 + 35?
40
In base 3, what is -211 + 22?
-112
In base 8, what is -6 + 22?
14
In base 16, what is 1 - 16e?
-16d
In base 15, what is -234 + -2?
-236
In base 11, what is -10743 + 4?
-1073a
In base 10, what is 4 - 285?
-281
In base 7, what is 1 - 342?
-341
In base 8, what is -11 - 125?
-136
In base 7, what is 0 + 2?
2
In base 6, what is -33054 - -5?
-33045
In base 2, what is 11 + 100001110100?
100001110111
In base 2, what is 111100111 + 11?
111101010
In base 14, what is 80 + 5?
85
In base 12, what is 4 - -735?
739
In base 10, what is -5 - -1840?
1835
In base 16, what is 1c + 1d9?
1f5
In base 14, what is 0 - 243?
-243
In base 12, what is -73 - -a?
-65
In base 16, what is 4 - a1?
-9d
In base 6, what is 2 - 135?
-133
In base 15, what is -5 + -1a7?
-1ac
In base 8, what is 241 - -2?
243
In base 16, what is -6 - -24c?
246
In base 15, what is 7 + -87?
-80
In base 10, what is 19 - 437?
-418
In base 10, what is 11847 - 0?
11847
In base 11, what is 5 + 6?
10
In base 7, what is -14350 + 3?
-14344
In base 6, what is 15423 - -1?
15424
In base 11, what is 6 - 120?
-115
In base 11, what is 117 - 3?
114
In base 8, what is 5 + 1473?
1500
In base 4, what is 231 + -3?
222
In base 12, what is 100 - -4?
104
In base 8, what is 50 + 6?
56
In base 11, what is 1 - -280a?
2810
In base 3, what is -1 - 2001222?
-2002000
In base 13, what is 30 + -3?
2a
In base 15, what is -d7 + 4?
-d3
In base 13, what is a3 - 0?
a3
In base 16, what is 2f4 - -10?
304
In base 2, what is 111100 - -1111010?
10110110
In base 14, what is 2 + 1d?
21
In base 5, what is 4 - -434?
443
In base 5, what is -1403 + 100?
-1303
In base 13, what is 43 + -4?
3c
In base 4, what is -202020 + 3?
-202011
In base 4, what is -2122310 - 3?
-2122313
In base 13, what is 0 - -18?
18
In base 2, what is 1000001 + 10010?
1010011
In base 3, what is 10 - -10001122?
10001202
In base 5, what is 3131 + -10?
3121
In base 16, what is 1b6 - 3?
1b3
In base 2, what is 11 + -11001?
-10110
In base 10, what is 21 - 6?
15
In base 2, what is -11 - -1001101?
1001010
In base 14, what is -3 + -db2?
-db5
In base 8, what is 116 + -4?
112
In base 12, what is -5a + -17?
-75
In base 9, what is -13107 + 2?
-13105
In base 3, what is 10 - -10111011?
10111021
In base 7, what is 33645 - 4?
33641
In base 13, what is -2 - 28?
-2a
In base 14, what is 3 + -63?
-60
In base 15, what is 4 + 75?
79
In base 2, what is -11100111011 - 0?
-11100111011
In base 2, what is 1010100 - 10000?
1000100
In base 7, w